{"id":80,"date":"2020-07-06T03:04:32","date_gmt":"2020-07-06T03:04:32","guid":{"rendered":"https:\/\/leviu.co\/?page_id=80"},"modified":"2020-07-26T08:57:40","modified_gmt":"2020-07-26T08:57:40","slug":"conocenos","status":"publish","type":"page","link":"https:\/\/leviu.co\/en\/conocenos\/","title":{"rendered":"Con\u00f3cenos"},"content":{"rendered":"<p>[et_pb_section fb_built=\u00bb1&#8243; _builder_version=\u00bb4.5.1&#8243; _module_preset=\u00bbdefault\u00bb][et_pb_row _builder_version=\u00bb4.5.1&#8243; _module_preset=\u00bbdefault\u00bb][et_pb_column type=\u00bb4_4&#8243; _builder_version=\u00bb4.5.1&#8243; _module_preset=\u00bbdefault\u00bb][et_pb_text _builder_version=\u00bb4.5.1&#8243; _module_preset=\u00bbdefault\u00bb header_font=\u00bbLato||||||||\u00bb header_text_align=\u00bbcenter\u00bb text_orientation=\u00bbcenter\u00bb]<\/p>\n<h2>\u00bfQU\u00c9 HACEMOS?<\/h2>\n<p>[\/et_pb_text][\/et_pb_column][\/et_pb_row][\/et_pb_section][et_pb_section fb_built=\u00bb1&#8243; specialty=\u00bbon\u00bb _builder_version=\u00bb4.5.1&#8243; _module_preset=\u00bbdefault\u00bb min_height=\u00bb661px\u00bb height=\u00bb366px\u00bb custom_margin=\u00bb-84px||||false|false\u00bb hover_enabled=\u00bb0&#8243; custom_margin_last_edited=\u00bbon|phone\u00bb custom_margin_phone=\u00bb1px||||false|false\u00bb][et_pb_column type=\u00bb1_2&#8243; _builder_version=\u00bb3.25&#8243; custom_padding=\u00bb|||\u00bb custom_padding__hover=\u00bb|||\u00bb][et_pb_text _builder_version=\u00bb4.5.1&#8243; _module_preset=\u00bbdefault\u00bb animation_style=\u00bbfade\u00bb animation_duration=\u00bb2000ms\u00bb hover_enabled=\u00bb0&#8243;]<\/p>\n<p>Nos dedicamos a cambiar al mundo con nuestro gran emprendimiento de productos dermocosm\u00e9ticos y bienestar.\u00a0 Nos encanta la selva Amaz\u00f3nica y nos apasiona la ciencia; combinamos ingredientes ex\u00f3ticos y sustentables con bioactivos y\u00a0 tecnolog\u00eda cosm\u00e9tica. Demostrar a trav\u00e9s de la ciencia lo valioso de nuestros productos naturales es el equilibrio perfecto entre naturaleza y conocimiento, logrando un desarrollo sostenible a nivel ambiental, social y creando valiosas cadenas de valor en las regiones que impactamos.<\/p>\n<p>Amamos Colombia y su biodiversidad; nuestros aliados m\u00e1s importantes son las comunidades ind\u00edgenas y campesinas\u2026 nos involucramos con la paz y la reconciliaci\u00f3n. Somos creyentes de que siempre las peque\u00f1as acciones traen grandes cambios al mundo y a eso nos dedicamos.<\/p>\n<p>Integramos el conocimiento cient\u00edfico con lo mejor de la naturaleza para demostrar que los \u00f3leos y los extractos de nuestra gran biodevisidad pueden marcar una pauta importante en el mundo de la belleza y el cuidado personal a nivel global y\u00a0 nuestras evidencias cient\u00edficas nos demuestran el gran potencial de los ingredientes aut\u00f3ctonos.<\/p>\n<p>Te invitamos en este viaje para que conozcas ingredientes ex\u00f3ticos como Asa\u00ed, Copoaz\u00fa, Cacay, Mirit\u00ed, Araz\u00e1, Cocona, Sacha Inchi y disfrutes de sus beneficios como ingredientes nutritivos, antiedad, \u00a0antioxidantes, emolientes entre otros.<\/p>\n<p>[\/et_pb_text][\/et_pb_column][et_pb_column type=\u00bb1_2&#8243; specialty_columns=\u00bb2&#8243; _builder_version=\u00bb3.25&#8243; custom_padding=\u00bb|||\u00bb custom_padding__hover=\u00bb|||\u00bb][et_pb_row_inner _builder_version=\u00bb4.5.1&#8243; _module_preset=\u00bbdefault\u00bb animation_style=\u00bbslide\u00bb animation_direction=\u00bbright\u00bb animation_duration=\u00bb2000ms\u00bb][et_pb_column_inner saved_specialty_column_type=\u00bb1_2&#8243; _builder_version=\u00bb4.5.1&#8243; _module_preset=\u00bbdefault\u00bb][et_pb_image src=\u00bbhttps:\/\/leviu.co\/wp-content\/uploads\/2020\/07\/Cultivo-Sacha-Inchi-Caqueta-1.jpg\u00bb title_text=\u00bbCultivo Sacha Inchi Caqueta (1)\u00bb _builder_version=\u00bb4.5.1&#8243; _module_preset=\u00bbdefault\u00bb border_radii=\u00bbon|6px|6px|6px|6px\u00bb box_shadow_style=\u00bbpreset1&#8243;][\/et_pb_image][et_pb_text _builder_version=\u00bb4.5.1&#8243; _module_preset=\u00bbdefault\u00bb text_line_height=\u00bb0.4em\u00bb]<\/p>\n<p>Cultivo Sacha Inchi<\/p>\n<p>Caquet\u00e1, Colombia<\/p>\n<p>[\/et_pb_text][\/et_pb_column_inner][\/et_pb_row_inner][et_pb_row_inner column_structure=\u00bb1_3,1_3,1_3&#8243; _builder_version=\u00bb4.5.1&#8243; _module_preset=\u00bbdefault\u00bb custom_margin=\u00bb-28px||||false|false\u00bb animation_style=\u00bbslide\u00bb animation_direction=\u00bbbottom\u00bb animation_duration=\u00bb2000ms\u00bb][et_pb_column_inner type=\u00bb1_3&#8243; saved_specialty_column_type=\u00bb1_2&#8243; _builder_version=\u00bb4.5.1&#8243; _module_preset=\u00bbdefault\u00bb][et_pb_image src=\u00bbhttps:\/\/leviu.co\/wp-content\/uploads\/2020\/07\/LEVIU-14-1-scaled.jpg\u00bb title_text=\u00bbLEVIU-14&#8243; _builder_version=\u00bb4.5.1&#8243; _module_preset=\u00bbdefault\u00bb hover_enabled=\u00bb0&#8243; disabled_on=\u00bbon|off|off\u00bb][\/et_pb_image][\/et_pb_column_inner][et_pb_column_inner type=\u00bb1_3&#8243; saved_specialty_column_type=\u00bb1_2&#8243; _builder_version=\u00bb4.5.1&#8243; _module_preset=\u00bbdefault\u00bb][et_pb_image src=\u00bbhttps:\/\/leviu.co\/wp-content\/uploads\/2020\/07\/LEVIU-15-1-scaled.jpg\u00bb title_text=\u00bbLEVIU-15&#8243; _builder_version=\u00bb4.5.1&#8243; _module_preset=\u00bbdefault\u00bb hover_enabled=\u00bb0&#8243; disabled_on=\u00bbon|off|off\u00bb][\/et_pb_image][\/et_pb_column_inner][et_pb_column_inner type=\u00bb1_3&#8243; saved_specialty_column_type=\u00bb1_2&#8243; _builder_version=\u00bb4.5.1&#8243; _module_preset=\u00bbdefault\u00bb][et_pb_image src=\u00bbhttps:\/\/leviu.co\/wp-content\/uploads\/2020\/07\/LEVIU-17-scaled.jpg\u00bb title_text=\u00bbLEVIU-17&#8243; _builder_version=\u00bb4.5.1&#8243; _module_preset=\u00bbdefault\u00bb hover_enabled=\u00bb0&#8243; disabled_on=\u00bbon|off|off\u00bb][\/et_pb_image][\/et_pb_column_inner][\/et_pb_row_inner][\/et_pb_column][\/et_pb_section][et_pb_section fb_built=\u00bb1&#8243; _builder_version=\u00bb4.5.1&#8243; _module_preset=\u00bbdefault\u00bb custom_margin=\u00bb-72px||||false|false\u00bb][et_pb_row column_structure=\u00bb1_2,1_2&#8243; _builder_version=\u00bb4.5.1&#8243; _module_preset=\u00bbdefault\u00bb][et_pb_column type=\u00bb1_2&#8243; _builder_version=\u00bb4.5.1&#8243; _module_preset=\u00bbdefault\u00bb][et_pb_image src=\u00bbhttps:\/\/leviu.co\/wp-content\/uploads\/2020\/07\/Don-Sofron\u00edo-1-scaled.jpg\u00bb title_text=\u00bbDon Sofron\u00edo \u00bb _builder_version=\u00bb4.5.1&#8243; _module_preset=\u00bbdefault\u00bb width=\u00bb81%\u00bb animation_style=\u00bbfold\u00bb animation_direction=\u00bbright\u00bb animation_duration=\u00bb2000ms\u00bb border_radii=\u00bbon|5px|5px|5px|5px\u00bb box_shadow_style=\u00bbpreset1&#8243;][\/et_pb_image][et_pb_text _builder_version=\u00bb4.5.1&#8243; _module_preset=\u00bbdefault\u00bb text_line_height=\u00bb0.4em\u00bb]<\/p>\n<p>Don Sofron\u00edo<\/p>\n<p>Selecci\u00f3n semillas de Sacha Inchi<\/p>\n<p>&nbsp;<\/p>\n<p>[\/et_pb_text][\/et_pb_column][et_pb_column type=\u00bb1_2&#8243; _builder_version=\u00bb4.5.1&#8243; _module_preset=\u00bbdefault\u00bb][et_pb_text _builder_version=\u00bb4.5.1&#8243; _module_preset=\u00bbdefault\u00bb animation_style=\u00bbfold\u00bb animation_direction=\u00bbright\u00bb animation_duration=\u00bb2000ms\u00bb]<\/p>\n<h3>NOSOTROS\u2026<\/h3>\n<p>&nbsp;<\/p>\n<p>Somos un equipo conformado por bi\u00f3logos, farmac\u00e9uticos, ingenieros y m\u00e1s importante a\u00fan, familias y asociaciones colaborativas de la regi\u00f3n amaz\u00f3nica, sin ellos no ser\u00eda posible.<\/p>\n<p>Contribuimos a la soluci\u00f3n de problemas ambientales y sociales y esta es la filosof\u00eda que nos mueve como emprendedores y empresarios que cambia al mundo\u2026 Equilibrio y respeto. Todos los d\u00edas nos preguntamos c\u00f3mo mejorar la conservaci\u00f3n del ambiente a trav\u00e9s de Levi\u00fa y todos los d\u00edas nuestras acciones est\u00e1n basadas en eso.<\/p>\n<p>Nuestra rentabilidad no solo es en t\u00e9rminos financieros, para nosotros conservar una palma, descontaminar una fuente de agua, preservar una zona silvestre ya es una gran ganancia. Esto es inversi\u00f3n de impacto.<\/p>\n<p>Le estamos demostrando al mundo que hay otra forma de emprender, de capitalizar y de definir rentabilidad; el aire limpio es una gran ganancia, suficiente agua potable para todos es una gran inversi\u00f3n y ojal\u00e1 en un futuro muy cercano muchas empresas tuvieran esta filosof\u00eda para que cambiar el mundo sea m\u00e1s f\u00e1cil.<\/p>\n<p>Uno de nuestros objetivos es disminuir al m\u00e1ximo la huella de carbono que generamos, el camino lo estamos recorriendo desde el primer d\u00eda, a\u00fan tenemos aspectos por mejorar a cada paso que damos.<\/p>\n<p>[\/et_pb_text][\/et_pb_column][\/et_pb_row][et_pb_row column_structure=\u00bb1_4,1_4,1_4,1_4&#8243; _builder_version=\u00bb4.5.1&#8243; _module_preset=\u00bbdefault\u00bb animation_style=\u00bbslide\u00bb animation_direction=\u00bbbottom\u00bb animation_duration=\u00bb2000ms\u00bb][et_pb_column type=\u00bb1_4&#8243; _builder_version=\u00bb4.5.1&#8243; _module_preset=\u00bbdefault\u00bb][et_pb_blurb title=\u00bbCreemos en&#8230;\u00bb url=\u00bbhttps:\/\/leviu.co\/creemos\/\u00bb use_icon=\u00bbon\u00bb font_icon=\u00bb%%141%%\u00bb icon_placement=\u00bbleft\u00bb _builder_version=\u00bb4.5.1&#8243; _module_preset=\u00bbdefault\u00bb header_font_size=\u00bb21px\u00bb header_letter_spacing=\u00bb1px\u00bb][\/et_pb_blurb][\/et_pb_column][et_pb_column type=\u00bb1_4&#8243; _builder_version=\u00bb4.5.1&#8243; _module_preset=\u00bbdefault\u00bb][et_pb_blurb title=\u00bbCompromisos\u00bb url=\u00bbhttps:\/\/leviu.co\/compromisos\/\u00bb use_icon=\u00bbon\u00bb font_icon=\u00bb%%141%%\u00bb icon_placement=\u00bbleft\u00bb _builder_version=\u00bb4.5.1&#8243; _module_preset=\u00bbdefault\u00bb header_font_size=\u00bb21px\u00bb header_letter_spacing=\u00bb1px\u00bb][\/et_pb_blurb][\/et_pb_column][et_pb_column type=\u00bb1_4&#8243; _builder_version=\u00bb4.5.1&#8243; _module_preset=\u00bbdefault\u00bb][et_pb_blurb title=\u00bbHablan de Nosotros\u00bb url=\u00bbhttps:\/\/leviu.co\/hablan-de-nosotras\/\u00bb use_icon=\u00bbon\u00bb font_icon=\u00bb%%141%%\u00bb icon_placement=\u00bbleft\u00bb content_max_width=\u00bb458px\u00bb _builder_version=\u00bb4.5.1&#8243; _module_preset=\u00bbdefault\u00bb header_font_size=\u00bb21px\u00bb header_letter_spacing=\u00bb1px\u00bb width=\u00bb100%\u00bb][\/et_pb_blurb][\/et_pb_column][et_pb_column type=\u00bb1_4&#8243; _builder_version=\u00bb4.5.1&#8243; _module_preset=\u00bbdefault\u00bb][et_pb_blurb title=\u00bbContacto\u00bb url=\u00bbhttps:\/\/leviu.co\/contacto\/\u00bb use_icon=\u00bbon\u00bb font_icon=\u00bb%%141%%\u00bb icon_placement=\u00bbleft\u00bb _builder_version=\u00bb4.5.1&#8243; _module_preset=\u00bbdefault\u00bb header_font_size=\u00bb21px\u00bb header_letter_spacing=\u00bb1px\u00bb][\/et_pb_blurb][\/et_pb_column][\/et_pb_row][\/et_pb_section]<\/p>","protected":false},"excerpt":{"rendered":"<p>[et_pb_section fb_built=\u00bb1&#8243; _builder_version=\u00bb4.5.1&#8243; _module_preset=\u00bbdefault\u00bb][et_pb_row _builder_version=\u00bb4.5.1&#8243; _module_preset=\u00bbdefault\u00bb][et_pb_column type=\u00bb4_4&#8243; _builder_version=\u00bb4.5.1&#8243; _module_preset=\u00bbdefault\u00bb][et_pb_text _builder_version=\u00bb4.5.1&#8243; _module_preset=\u00bbdefault\u00bb header_font=\u00bbLato||||||||\u00bb header_text_align=\u00bbcenter\u00bb text_orientation=\u00bbcenter\u00bb] \u00bfQU\u00c9 HACEMOS? [\/et_pb_text][\/et_pb_column][\/et_pb_row][\/et_pb_section][et_pb_section fb_built=\u00bb1&#8243; specialty=\u00bbon\u00bb _builder_version=\u00bb4.5.1&#8243; _module_preset=\u00bbdefault\u00bb min_height=\u00bb661px\u00bb height=\u00bb366px\u00bb custom_margin=\u00bb-84px||||false|false\u00bb hover_enabled=\u00bb0&#8243; custom_margin_last_edited=\u00bbon|phone\u00bb custom_margin_phone=\u00bb1px||||false|false\u00bb][et_pb_column type=\u00bb1_2&#8243; _builder_version=\u00bb3.25&#8243; custom_padding=\u00bb|||\u00bb custom_padding__hover=\u00bb|||\u00bb][et_pb_text _builder_version=\u00bb4.5.1&#8243; _module_preset=\u00bbdefault\u00bb animation_style=\u00bbfade\u00bb animation_duration=\u00bb2000ms\u00bb hover_enabled=\u00bb0&#8243;] Nos dedicamos a cambiar al mundo con nuestro gran emprendimiento de productos dermocosm\u00e9ticos y bienestar.\u00a0 Nos encanta la selva [&hellip;]<\/p>","protected":false},"author":1,"featured_media":0,"parent":0,"menu_order":0,"comment_status":"closed","ping_status":"closed","template":"","meta":{"_et_pb_use_builder":"on","_et_pb_old_content":"","_et_gb_content_width":"","content-type":"","footnotes":""},"class_list":["post-80","page","type-page","status-publish","hentry"],"jetpack_sharing_enabled":true,"_links":{"self":[{"href":"https:\/\/leviu.co\/en\/wp-json\/wp\/v2\/pages\/80","targetHints":{"allow":["GET"]}}],"collection":[{"href":"https:\/\/leviu.co\/en\/wp-json\/wp\/v2\/pages"}],"about":[{"href":"https:\/\/leviu.co\/en\/wp-json\/wp\/v2\/types\/page"}],"author":[{"embeddable":true,"href":"https:\/\/leviu.co\/en\/wp-json\/wp\/v2\/users\/1"}],"replies":[{"embeddable":true,"href":"https:\/\/leviu.co\/en\/wp-json\/wp\/v2\/comments?post=80"}],"version-history":[{"count":23,"href":"https:\/\/leviu.co\/en\/wp-json\/wp\/v2\/pages\/80\/revisions"}],"predecessor-version":[{"id":1714,"href":"https:\/\/leviu.co\/en\/wp-json\/wp\/v2\/pages\/80\/revisions\/1714"}],"wp:attachment":[{"href":"https:\/\/leviu.co\/en\/wp-json\/wp\/v2\/media?parent=80"}],"curies":[{"name":"wp","href":"https:\/\/api.w.org\/{rel}","templated":true}]}}

Conócenos

<p>[et_pb_section fb_built=»1&#8243; _builder_version=»4.5.1&#8243; _module_preset=»default»][et_pb_row _builder_version=»4.5.1&#8243; _module_preset=»default»][et_pb_column type=»4_4&#8243; _builder_version=»4.5.1&#8243; _module_preset=»default»][et_pb_text _builder_version=»4.5.1&#8243; _module_preset=»default» header_font=»Lato||||||||» header_text_align=»center» text_orientation=»center»]</p>
<h2>¿QUÉ HACEMOS?</h2>
<p>[/et_pb_text][/et_pb_column][/et_pb_row][/et_pb_section][et_pb_section fb_built=»1&#8243; specialty=»on» _builder_version=»4.5.1&#8243; _module_preset=»default» min_height=»661px» height=»366px» custom_margin=»-84px||||false|false» hover_enabled=»0&#8243; custom_margin_last_edited=»on|phone» custom_margin_phone=»1px||||false|false»][et_pb_column type=»1_2&#8243; _builder_version=»3.25&#8243; custom_padding=»|||» custom_padding__hover=»|||»][et_pb_text _builder_version=»4.5.1&#8243; _module_preset=»default» animation_style=»fade» animation_duration=»2000ms» hover_enabled=»0&#8243;]</p>
<p>Nos dedicamos a cambiar al mundo con nuestro gran emprendimiento de productos dermocosméticos y bienestar.  Nos encanta la selva Amazónica y nos apasiona la ciencia; combinamos ingredientes exóticos y sustentables con bioactivos y  tecnología cosmética. Demostrar a través de la ciencia lo valioso de nuestros productos naturales es el equilibrio perfecto entre naturaleza y conocimiento, logrando un desarrollo sostenible a nivel ambiental, social y creando valiosas cadenas de valor en las regiones que impactamos.</p>
<p>Amamos Colombia y su biodiversidad; nuestros aliados más importantes son las comunidades indígenas y campesinas… nos involucramos con la paz y la reconciliación. Somos creyentes de que siempre las pequeñas acciones traen grandes cambios al mundo y a eso nos dedicamos.</p>
<p>Integramos el conocimiento científico con lo mejor de la naturaleza para demostrar que los óleos y los extractos de nuestra gran biodevisidad pueden marcar una pauta importante en el mundo de la belleza y el cuidado personal a nivel global y  nuestras evidencias científicas nos demuestran el gran potencial de los ingredientes autóctonos.</p>
<p>Te invitamos en este viaje para que conozcas ingredientes exóticos como Asaí, Copoazú, Cacay, Mirití, Arazá, Cocona, Sacha Inchi y disfrutes de sus beneficios como ingredientes nutritivos, antiedad,  antioxidantes, emolientes entre otros.</p>
<p>[/et_pb_text][/et_pb_column][et_pb_column type=»1_2&#8243; specialty_columns=»2&#8243; _builder_version=»3.25&#8243; custom_padding=»|||» custom_padding__hover=»|||»][et_pb_row_inner _builder_version=»4.5.1&#8243; _module_preset=»default» animation_style=»slide» animation_direction=»right» animation_duration=»2000ms»][et_pb_column_inner saved_specialty_column_type=»1_2&#8243; _builder_version=»4.5.1&#8243; _module_preset=»default»][et_pb_image src=»https://leviu.co/wp-content/uploads/2020/07/Cultivo-Sacha-Inchi-Caqueta-1.jpg» title_text=»Cultivo Sacha Inchi Caqueta (1)» _builder_version=»4.5.1&#8243; _module_preset=»default» border_radii=»on|6px|6px|6px|6px» box_shadow_style=»preset1&#8243;][/et_pb_image][et_pb_text _builder_version=»4.5.1&#8243; _module_preset=»default» text_line_height=»0.4em»]</p>
<p>Cultivo Sacha Inchi</p>
<p>Caquetá, Colombia</p>
<p>[/et_pb_text][/et_pb_column_inner][/et_pb_row_inner][et_pb_row_inner column_structure=»1_3,1_3,1_3&#8243; _builder_version=»4.5.1&#8243; _module_preset=»default» custom_margin=»-28px||||false|false» animation_style=»slide» animation_direction=»bottom» animation_duration=»2000ms»][et_pb_column_inner type=»1_3&#8243; saved_specialty_column_type=»1_2&#8243; _builder_version=»4.5.1&#8243; _module_preset=»default»][et_pb_image src=»https://leviu.co/wp-content/uploads/2020/07/LEVIU-14-1-scaled.jpg» title_text=»LEVIU-14&#8243; _builder_version=»4.5.1&#8243; _module_preset=»default» hover_enabled=»0&#8243; disabled_on=»on|off|off»][/et_pb_image][/et_pb_column_inner][et_pb_column_inner type=»1_3&#8243; saved_specialty_column_type=»1_2&#8243; _builder_version=»4.5.1&#8243; _module_preset=»default»][et_pb_image src=»https://leviu.co/wp-content/uploads/2020/07/LEVIU-15-1-scaled.jpg» title_text=»LEVIU-15&#8243; _builder_version=»4.5.1&#8243; _module_preset=»default» hover_enabled=»0&#8243; disabled_on=»on|off|off»][/et_pb_image][/et_pb_column_inner][et_pb_column_inner type=»1_3&#8243; saved_specialty_column_type=»1_2&#8243; _builder_version=»4.5.1&#8243; _module_preset=»default»][et_pb_image src=»https://leviu.co/wp-content/uploads/2020/07/LEVIU-17-scaled.jpg» title_text=»LEVIU-17&#8243; _builder_version=»4.5.1&#8243; _module_preset=»default» hover_enabled=»0&#8243; disabled_on=»on|off|off»][/et_pb_image][/et_pb_column_inner][/et_pb_row_inner][/et_pb_column][/et_pb_section][et_pb_section fb_built=»1&#8243; _builder_version=»4.5.1&#8243; _module_preset=»default» custom_margin=»-72px||||false|false»][et_pb_row column_structure=»1_2,1_2&#8243; _builder_version=»4.5.1&#8243; _module_preset=»default»][et_pb_column type=»1_2&#8243; _builder_version=»4.5.1&#8243; _module_preset=»default»][et_pb_image src=»https://leviu.co/wp-content/uploads/2020/07/Don-Sofronío-1-scaled.jpg» title_text=»Don Sofronío » _builder_version=»4.5.1&#8243; _module_preset=»default» width=»81%» animation_style=»fold» animation_direction=»right» animation_duration=»2000ms» border_radii=»on|5px|5px|5px|5px» box_shadow_style=»preset1&#8243;][/et_pb_image][et_pb_text _builder_version=»4.5.1&#8243; _module_preset=»default» text_line_height=»0.4em»]</p>
<p>Don Sofronío</p>
<p>Selección semillas de Sacha Inchi</p>
<p>&nbsp;</p>
<p>[/et_pb_text][/et_pb_column][et_pb_column type=»1_2&#8243; _builder_version=»4.5.1&#8243; _module_preset=»default»][et_pb_text _builder_version=»4.5.1&#8243; _module_preset=»default» animation_style=»fold» animation_direction=»right» animation_duration=»2000ms»]</p>
<h3>NOSOTROS…</h3>
<p>&nbsp;</p>
<p>Somos un equipo conformado por biólogos, farmacéuticos, ingenieros y más importante aún, familias y asociaciones colaborativas de la región amazónica, sin ellos no sería posible.</p>
<p>Contribuimos a la solución de problemas ambientales y sociales y esta es la filosofía que nos mueve como emprendedores y empresarios que cambia al mundo… Equilibrio y respeto. Todos los días nos preguntamos cómo mejorar la conservación del ambiente a través de Leviú y todos los días nuestras acciones están basadas en eso.</p>
<p>Nuestra rentabilidad no solo es en términos financieros, para nosotros conservar una palma, descontaminar una fuente de agua, preservar una zona silvestre ya es una gran ganancia. Esto es inversión de impacto.</p>
<p>Le estamos demostrando al mundo que hay otra forma de emprender, de capitalizar y de definir rentabilidad; el aire limpio es una gran ganancia, suficiente agua potable para todos es una gran inversión y ojalá en un futuro muy cercano muchas empresas tuvieran esta filosofía para que cambiar el mundo sea más fácil.</p>
<p>Uno de nuestros objetivos es disminuir al máximo la huella de carbono que generamos, el camino lo estamos recorriendo desde el primer día, aún tenemos aspectos por mejorar a cada paso que damos.</p>
<p>[/et_pb_text][/et_pb_column][/et_pb_row][et_pb_row column_structure=»1_4,1_4,1_4,1_4&#8243; _builder_version=»4.5.1&#8243; _module_preset=»default» animation_style=»slide» animation_direction=»bottom» animation_duration=»2000ms»][et_pb_column type=»1_4&#8243; _builder_version=»4.5.1&#8243; _module_preset=»default»][et_pb_blurb title=»Creemos en&#8230;» url=»https://leviu.co/creemos/» use_icon=»on» font_icon=»%%141%%» icon_placement=»left» _builder_version=»4.5.1&#8243; _module_preset=»default» header_font_size=»21px» header_letter_spacing=»1px»][/et_pb_blurb][/et_pb_column][et_pb_column type=»1_4&#8243; _builder_version=»4.5.1&#8243; _module_preset=»default»][et_pb_blurb title=»Compromisos» url=»https://leviu.co/compromisos/» use_icon=»on» font_icon=»%%141%%» icon_placement=»left» _builder_version=»4.5.1&#8243; _module_preset=»default» header_font_size=»21px» header_letter_spacing=»1px»][/et_pb_blurb][/et_pb_column][et_pb_column type=»1_4&#8243; _builder_version=»4.5.1&#8243; _module_preset=»default»][et_pb_blurb title=»Hablan de Nosotros» url=»https://leviu.co/hablan-de-nosotras/» use_icon=»on» font_icon=»%%141%%» icon_placement=»left» content_max_width=»458px» _builder_version=»4.5.1&#8243; _module_preset=»default» header_font_size=»21px» header_letter_spacing=»1px» width=»100%»][/et_pb_blurb][/et_pb_column][et_pb_column type=»1_4&#8243; _builder_version=»4.5.1&#8243; _module_preset=»default»][et_pb_blurb title=»Contacto» url=»https://leviu.co/contacto/» use_icon=»on» font_icon=»%%141%%» icon_placement=»left» _builder_version=»4.5.1&#8243; _module_preset=»default» header_font_size=»21px» header_letter_spacing=»1px»][/et_pb_blurb][/et_pb_column][/et_pb_row][/et_pb_section]</p>

<p>[et_pb_section fb_built=»1&#8243; _builder_version=»4.5.1&#8243; _module_preset=»default»][et_pb_row _builder_version=»4.5.1&#8243; _module_preset=»default»][et_pb_column type=»4_4&#8243; _builder_version=»4.5.1&#8243; _module_preset=»default»][et_pb_text _builder_version=»4.5.1&#8243; _module_preset=»default» header_font=»Lato||||||||» header_text_align=»center» text_orientation=»center»] ¿QUÉ HACEMOS? [/et_pb_text][/et_pb_column][/et_pb_row][/et_pb_section][et_pb_section fb_built=»1&#8243; specialty=»on» _builder_version=»4.5.1&#8243; _module_preset=»default» min_height=»661px» height=»366px» custom_margin=»-84px||||false|false» hover_enabled=»0&#8243; custom_margin_last_edited=»on|phone» custom_margin_phone=»1px||||false|false»][et_pb_column type=»1_2&#8243; _builder_version=»3.25&#8243; custom_padding=»|||» custom_padding__hover=»|||»][et_pb_text _builder_version=»4.5.1&#8243; _module_preset=»default» animation_style=»fade» animation_duration=»2000ms» hover_enabled=»0&#8243;] Nos dedicamos a cambiar al mundo con nuestro gran emprendimiento de productos dermocosméticos y bienestar.  Nos encanta la selva [&hellip;]</p>
